late the remainder when 1331415 is divided by 190181.
148
Calculate the remainder when 1742553091 is divided by 7.
6
Calculate the remainder when 5916136 is divided by 204001.
107
Calculate the remainder when 21159 is divided by 10250.
659
Calculate the remainder when 141550 is divided by 2776.
2750
What is the remainder when 28559 is divided by 2855?
9
What is the remainder when 7484 is divided by 1029?
281
What is the remainder when 13923167 is divided by 1752?
23
What is the remainder when 171872 is divided by 4649?
4508
Calculate the remainder when 14579135 is divided by 3193.
3090
Calculate the remainder when 16351 is divided by 4462.
2965
Calculate the remainder when 761505 is divided by 23.
21
What is the remainder when 2227318 is divided by 1534?
1484
Calculate the remainder when 2771453 is divided by 54.
11
Calculate the remainder when 271149 is divided by 2413.
893
What is the remainder when 2216585 is divided by 2216575?
10
What is the remainder when 348110 is divided by 715?
620
Calculate the remainder when 49456 is divided by 4017.
1252
What is the remainder when 11865857 is divided by 2143?
66
Calculate the remainder when 85286 is divided by 605.
586
What is the remainder when 1043422 is divided by 173896?
46
Calculate the remainder when 78421 is divided by 19523.
329
Calculate the remainder when 7339204 is divided by 19112.
196
What is the remainder when 81218 is divided by 490?
368
Calculate the remainder when 56355549 is divided by 792.
789
What is the remainder when 2321215 is divided by 68?
35
Calculate the remainder when 169914675 is divided by 439056.
3
Calculate the remainder when 1528991 is divided by 1421.
1416
Calculate the remainder when 31491 is divided by 605.
31
What is the remainder when 159657254 is divided by 13337?
27
What is the remainder when 4637668 is divided by 932?
36
What is the remainder when 9810088 is divided by 14?
8
What is the remainder when 138534 is divided by 46008?
510
What is the remainder when 25888965 is divided by 124?
121
Calculate the remainder when 59463 is divided by 29726.
11
What is the remainder when 1653445 is divided by 2319?
2317
Calculate the remainder when 5584261 is divided by 25.
11
What is the remainder when 72078 is divided by 562?
142
What is the remainder when 1255965 is divided by 735?
585
What is the remainder when 6166459 is divided by 94?
59
Calculate the remainder when 307935637 is divided by 305.
12
Calculate the remainder when 19918 is divided by 18687.
1231
Calculate the remainder when 10470111 is divided by 9501.
9
What is the remainder when 1410104 is divided by 230?
204
What is the remainder when 786107333 is divided by 3196?
3193
What is the remainder when 65798 is divided by 64593?
1205
Calculate the remainder when 272678 is divided by 2355.
1853
Calculate the remainder when 54622782 is divided by 5140.
2
Calculate the remainder when 25841643 is divided by 154.
135
What is the remainder when 500339 is divided by 164053?
8180
Calculate the remainder when 57651 is divided by 285.
81
Calculate the remainder when 19487 is divided by 5498.
2993
What is the remainder when 208165 is divided by 22680?
4045
Calculate the remainder when 477559 is divided by 238738.
83
Calculate the remainder when 1289983343 is divided by 8632.
8631
What is the remainder when 140577 is divided by 213?
210
Calculate the remainder when 1183444 is divided by 298.
86
Calculate the remainder when 3219800 is divided by 50.
0
What is the remainder when 101825 is divided by 24455?
4005
Calculate the remainder when 177919 is divided by 7359.
1303
What is the remainder when 2641398 is divided by 940?
938
What is the remainder when 11505660 is divided by 10824?
10572
Calculate the remainder when 104133071 is divided by 12072.
12071
Calculate the remainder when 99394 is divided by 261.
214
What is the remainder when 47686318 is divided by 594?
592
Calculate the remainder when 3379092 is divided by 1126360.
12
Calculate the remainder when 3046264 is divided by 3118.
3096
What is the remainder when 7103710 is divided by 83?
72
Calculate the remainder when 1620312 is divided by 1492.
0
Calculate the remainder when 2744453 is divided by 1706.
1205
Calculate the remainder when 1043699 is divided by 674.
347
Calculate the remainder when 329059 is divided by 2123.
2117
What is the remainder when 9743399 is divided by 21?
8
Calculate the remainder when 38099 is divided by 12433.
800
Calculate the remainder when 91968 is divided by 22917.
300
What is the remainder when 284085 is divided by 1225?
1110
What is the remainder when 293898 is divided by 287?
10
What is the remainder when 112114841 is divided by 33?
14
Calculate the remainder when 4492505 is divided by 898500.
5
What is the remainder when 64602 is divided by 12693?
1137
What is the remainder when 10591680 is divided by 39669?
57
What is the remainder when 57980001 is divided by 144950?
1
Calculate the remainder when 272144734 is divided by 10.
4
What is the remainder when 2746545 is divided by 252?
249
What is the remainder when 103902233 is divided by 7421588?
1
What is the remainder when 10116209 is divided by 2471?
2406
Calculate the remainder when 58667 is divided by 196.
63
What is the remainder when 2292449 is divided by 6625?
199
What is the remainder when 23684177 is divided by 77399?
83
Calculate the remainder when 210842 is divided by 105410.
22
What is the remainder when 1889546 is divided by 41071?
280
What is the remainder when 11152712 is divided by 14?
4
What is the remainder when 4896940 is divided by 420?
160
Calculate the remainder when 7982337 is divided by 1541.
1498
What is the remainder when 2690863 is divided by 125?
113
Calculate the remainder when 7671859 is divided by 1788.
1339
What is the remainder when 789433 is divided by 263030?
343
Calculate the remainder when 9681 is divided by 1789.
736
What is the remainder when 920246025 is divided by 1606?
1601
Calculate the remainder when 85319996 is divided by 300.
296
Calculate the remainder when 4350 is divided by 440.
390
Calculate the remainder when 13245749 is divided by 160.
149
Calculate the remainder when 2540089999 is divided by 7000.
6999
Calculate the remainder when 115199 is divided by 8.
7
Calculate the remainder when 11400 is divided by 670.
10
Calculate the remainder when 7806667 is divided by 61.
9
Calculate the remainder when 10880088 is divided by 1179.
276
What is the remainder when 16657030 is divided by 1107?
1
Calculate the remainder when 312811 is divided by 5389.
249
What is the remainder when 20014109 is divided by 23?
15
What is the remainder when 2150047 is divided by 31618?
23
What is the remainder when 97768207 is divided by 239?
238
What is the remainder when 1115902983 is divided by 7?
6
What is the remainder when 11557763 is divided by 463?
357
What is the remainder when 695150 is divided by 115855?
20
Calculate the remainder when 2720613 is divided by 38.
3
Calculate the remainder when 99863 is divided by 9582.
4043
Calculate the remainder when 27327 is divided by 5462.
17
Calculate the remainder when 12786 is divided by 10.
6
Calculate the remainder when 125039877 is divided by 2520.
2517
What is the remainder when 5782839 is divided by 760?
759
What is the remainder when 80025 is divided by 19886?
481
What is the remainder when 194853482 is divided by 161?
12
What is the remainder when 31806768 is divided by 55029?
6
What is the remainder when 1913830 is divided by 4197?
4195
Calculate the remainder when 4325658 is divided by 129.
30
What is the remainder when 11926888 is divided by 98?
92
What is the remainder when 1093381 is divided by 42046?
185
Calculate the remainder when 14161 is divided by 507.
472
Calculate the remainder when 1870414 is divided by 1884.
1486
Calculate the remainder when 13614865 is divided by 252127.
7
Calculate the remainder when 5631582 is divided by 10296.
9966
What is the remainder when 118842985 is divided by 4415?
15
What is the remainder when 1389077523 is divided by 319?
317
Calculate the remainder when 11876364 is divided by 304.
300
Calculate the remainder when 7584598 is divided by 200.
198
What is the remainder when 157590 is divided by 395?
380
What is the remainder when 71036 is divided by 16138?
64